(g) = -4*j(g) - 7*q(g). Calculate l(0).
5
Suppose 210*z + 50 = 200*z. Let q(l) = -l**3 - 5*l**2 - 3*l + 2. What is q(z)?
17
Let y(p) = p**2 + 8*p + 6. Suppose -27*v + 16 = -23*v. Let n be ((-2)/v)/(10/120). Calculate y(n).
-6
Suppose -3*r + 8*r = -2*n - 13, 4*r - 4 = 0. Let q(d) = -5*d + 4. Let p(t) = -11*t + 8. Let x(z) = n*q(z) + 4*p(z). Calculate x(5).
1
Let s(i) = -35*i - 213. Let x be s(-6). Let j(l) = l**3 + l**2 + 4. What is j(x)?
-14
Suppose 4*d = -y - 24, 0 = -4*y + 2*d - 0*d - 78. Let h = -18 - y. Let k(l) = 2*l**2 + 5*l - 6*l**2 + 3 - 2*l - l**3 - h. What is k(-5)?
11
Let m(j) be the first derivative of 2/3*j**3 + 0*j + 1/4*j**4 + 45 + j**2. Calculate m(-2).
-4
Suppose 0*l = 2*l - 112. Let r be 26/65 + l/10. Let j(p) = 4 + 3*p**2 - p**3 - r*p + 4*p + 4*p - 7*p**2. Calculate j(-4).
-4
Let r(p) = -6*p - 1. Let z = 33 + -16. Suppose h - z = -21. Determine r(h).
23
Let g(l) = l**2 - 14*l + 2. Let q(y) = y**2 - 14*y + 1. Let j(v) = -5*g(v) + 6*q(v). Determine j(14).
-4
Suppose 5*n - 20 = -4*q + 2, 2*q = -n + 8. Let z(h) = -6*h**2 - n*h - 3 + 2*h - h**3. Let y(k) = k**3 + 7*k**2 - 9*k - 14. Let a be y(-8). Calculate z(a).
-3
Let u = 51 - 33. Suppose u = 7*i - i. Let n(g) = g - 5. Give n(i).
-2
Suppose -9*m = m - 70. Suppose 4*i = -m*i - 55. Let w(n) = n**3 + 4*n**2 - 6*n. Give w(i).
5
Let p(q) be the second derivative of -q**4/12 - 5*q**3/6 - 3*q**2/2 + 42*q. Let b = -170 + 165. What is p(b)?
-3
Suppose -6*j + 2*j - l + 12 = 0, -5*j = -3*l + 2. Suppose 0*q = j*q - 8. Let k(u) = 2*u + 5. Let p(d) = -9*d - 21. Let v(c) = 26*k(c) + 6*p(c). Determine v(q).
-4
Let s(h) = h**2 - h. Let f(c) = -2*c**2 - 2*c - 8. Let m = 11 - 12. Let w(l) = m*f(l) - 3*s(l). What is w(7)?
-6
Suppose q - 48 = -3*s, 4*s - 3*s = -1. Suppose 3*w + 24 = q. Let d(u) = u**2 - 9*u + 2. Determine d(w).
2
Let l(a) = 26*a**2. Let k(h) = -2*h**3 - 3*h**2 + 2. Let r be k(-1). Give l(r).
26
Let l = -4 - -4. Suppose l = 5*p + 4*w - 11, 0 = 3*p - 5*w - 14. Let s(m) = 8*m**3 - m**2 - 2*m - 4*m**3 - 1 - 3*m**3. What is s(p)?
11
Let k(m) = -m - 6. Let l = -71 + -50. Let n = l - -121. Determine k(n).
-6
Suppose 0 = -15*v + 20*v - 20. Suppose 0*s = 5*y - v*s + 82, 5*y - 3*s = -84. Let w = y - -21. Let o(l) = l**2 - 2*l + 3. Calculate o(w).
6
Let w(o) be the first derivative of -o**4/2 - o**3/3 - o**2 + 2*o + 2. What is w(2)?
-22
Let k(j) = -13 + j**3 - 821*j**2 + 1643*j**2 + 14*j - 830*j**2 + 1. Determine k(6).
0
Let t(v) = -v**2 - 20*v + 300. Let x be t(-30). Let h(y) = -16*y**2 + y + 13 + 17*y**2 - 6. Give h(x).
7
Let o be 4/(-18) - (-2 - 368/(-288)). Let c(h) be the first derivative of -6 + o*h**2 - 5*h. Give c(-4).
-9
Let p(i) = -2*i**3 - 52*i**2 + 2. Let w be p(-26). Let k(g) = -g - 4. Let t be k(-4). Let r(q) = 1 - 2*q + q + t*q. Determine r(w).
-1
Let x(o) = -13*o + 7. Let i(l) = -21*l + 10. Let j(b) = -5*i(b) + 8*x(b). Give j(-5).
1
Let l(b) = b**2 - 5*b - 5. Let p(f) = 2*f**2 - 10*f - 10. Let w(q) = -5*l(q) + 3*p(q). Let c(h) = 2*h**3 - 3*h**2 - h + 4. Let a be c(2). Calculate w(a).
1
Let k(g) = g**3 + 8*g**2 + 5*g - 16. Let d be k(-7). Let t be (-6)/(-6 - (-2 + d)). Let o(z) = z**2 - 5*z + 3. Determine o(t).
-3
Let l(g) = -3*g**3 - g**2 - 1. Let s(y) = -y**2 + 11*y - 26. Let h be (-2)/(4/16*-1). Let a be s(h). Give l(a).
19
Let y(d) = 3*d - 1. Suppose 3*c - 128 + 45 = 4*j, -4*j - 85 = -5*c. Let t be j*((-4)/10)/1. Let o be t/(0 - (-6)/3). Calculate y(o).
11
Let d(u) be the third derivative of 0*u + 1/6*u**3 - 22*u**2 - 7/24*u**4 + 0. Give d(-1).
8
Let n = 17 + -12. Let z(u) = -2*u**2 - 3*u - 2*u**2 + u**3 - 2403 + 2408. Determine z(n).
15
Let p(l) = -4*l + 5*l - 16 + 8 + 2. Give p(9).
3
Let u(m) = -m + 8. Let f(j) = -7*j**3 + 13*j**2 - 16*j - 5. Let p(d) = -3*d**3 + 7*d**2 - 8*d - 3. Let k(b) = 2*f(b) - 5*p(b). Let z be k(8). Determine u(z).
3
Let p(k) = 2*k. Suppose 8*g - 120 = -12*g. Determine p(g).
12
Let q(s) = -7*s**3 + 2*s**2 + 3*s + 24. Let n(g) = 5*g**3 - 4*g**2 - 5*g - 23. Let x(m) = -4*n(m) - 3*q(m). Give x(-9).
2
Let s(k) be the first derivative of k**2 + 3*k + 46. Determine s(5).
13
Let u(h) be the third derivative of -h**5/60 - 5*h**4/24 + h**3/6 - 131*h**2. Calculate u(-7).
-13
Let u(c) = -c**2 + 6*c - 4. Let g = 36 - 2. Suppose p + 16 = 2*r, 3*r - 6*r + g = -4*p. Determine u(r).
-4
Let b(u) = 14*u**2 + 35*u + 24. Let k(w) = 8*w**2 + 18*w + 13. Let l(o) = -3*b(o) + 5*k(o). Calculate l(-7).
0
Let f(u) = -5*u**2 - 2*u + 4. Let h(v) = -v**2 - 2*v + 3. Let g(c) = f(c) - h(c). What is g(1)?
-3
Let j(p) = -21*p - 1 + 29 - 27. Determine j(-1).
22
Let q(z) be the first derivative of -z**4/12 - 5*z**3/6 - z**2/2 - 11*z + 2. Let b(g) be the first derivative of q(g). Give b(-4).
3
Suppose 0 = -3*n - 0 - 12, 0 = 4*y + 3*n + 44. Let d(h) = -10*h - 5. Let m(v) = -13*v - 4. Let t(b) = -4*d(b) + 3*m(b). Calculate t(y).
0
Let p(y) = y**2 + 2*y - 6. Suppose 858*s = 860*s + 10. What is p(s)?
9
Suppose 0 = j + 3*j + 20. Let l(g) = 9*g**3 - 8*g**2 + 10*g - 11. Let b(p) = -5*p**3 + 4*p**2 - 5*p + 6. Let k(i) = 11*b(i) + 6*l(i). What is k(j)?
0
Let m(o) = 5*o + 41. Suppose 7*j - 12*j - 4*i - 34 = 0, -j - 3 = -3*i. Determine m(j).
11
Suppose -31 = -3*m - 13. Suppose -g + m = 4. Suppose -5*j = -g*w - 1 - 0, 0 = -w - 3. Let b(f) = -f**3 - f**2 + f + 1. What is b(j)?
0
Let w(m) = m**2 + 3*m - 9. Let r(t) = 6*t + 3*t + t**2 - 8 - 6*t. Suppose 2*g = 2*j + 2 + 10, j + 2*g - 3 = 0. Let a(f) = j*r(f) + 2*w(f). Determine a(-5).
-4
Let i(f) = f**2 + 4*f - 1. Suppose 4*b + 4*w - 32 = 0, 0 = -0*b + b + 5*w - 28. Let q = 9 - b. Suppose -2 - q = 2*h. Calculate i(h).
-1
Let u be 2/4*(27 - -1). Suppose 2*d + u = -0*d. Let x(n) = 99*n - 204*n + n**3 + 106*n + 6*n**2 + 9 + n**2 - 1. Give x(d).
1
Let k(g) = -3*g**2 + g. Let o(f) = f - 1. Let n be o(-2). Let x = 1 - n. Let c be 0 - (-4)/x*1. What is k(c)?
-2
Let l be 12/(-3)*(-6)/12. Suppose 5*t = -2*u - l*u + 36, 5*t = 5*u. Let z(c) = c**3 + 30*c - 12*c + t*c**2 - 17*c - 3. Calculate z(-4).
-7
Let s(u) = -2*u - 9. Let n(o) = 55*o**2 - 2*o - 29*o**2 - 28*o**2 + 3. Let g be n(2). Determine s(g).
9
Let z(s) = s**2 - s. Suppose 2*u + u - 12 = 0. Let t(j) = 3*j**2 + 2*j - 2. Let r(y) = u*z(y) - t(y). Give r(4).
-6
Let u(k) be the third derivative of k**6/120 - k**5/60 + 5*k**4/24 - k**3/3 - 80*k**2 + 2. Calculate u(3).
31
Suppose f + 5 - 9 = 0. Suppose 2*j = -f*j + 24. Let i be 90/10*j/18. Let t(q) = -q**3 + 2*q**2 + q + 1. What is t(i)?
3
Suppose 2*f - 8 + 16 = -s, 2*s - 5*f - 20 = 0. Let p(h) = h + s*h**3 + 2 - 3 + 10*h**3. Determine p(1).
10
Suppose 3*q = 4*n - 3, 0 = -5*q - 3*n - 146 + 112. Let x(w) = -2*w**2 - 14*w - 3. Give x(q).
17
Let t = 0 - -4. Let w(a) = 3*a**2 + 30*a - 27*a - 2*a + 5 - 4*a**2 + 0*a. Give w(t).
-7
Let h = -70 - -72. Let r(g) = -h*g**3 + 7*g**2 + 3*g**3 + 11 - 256*g + 249*g. Give r(-8).
3
Suppose 0 = 16*r - 31*r + 105. Let j(p) = p**2 - 8*p - 7. Let k(x) = x**2 - 9*x - 8. Let t(f) = 3*j(f) - 2*k(f). What is t(r)?
2
Let d(j) = -j**3 + 9*j**2 - 9*j + 3. Suppose 6*l + 0 - 90 = 0. Let q be ((-10)/l)/((-1)/12). Determine d(q).
-5
Let o(d) = -4 + 3*d**2 + 0*d**2 - 2*d**2. Let x be o(-3). Let q(u) be the first derivative of u**3/3 - 5*u**2/2 + 6*u - 8. Determine q(x).
6
Let x be (-6 - (-102)/18)/(1/(-93)). Suppose 1 = l, 2*l + x = -3*b + 6. Let o(k) = k**3 + 8*k**2 - 9*k - 7. Calculate o(b).
-7
Let v(q) = 2*q**2. Let r(k) = -k**3 - 8*k + 5. Let o(j) = r(j) + 4*v(j). What is o(7)?
-2
Let q(j) be the third derivative of j**4/24 - 5*j**3/6 - 1939*j**2. Let w = 0 + 4. What is q(w)?
-1
Suppose -2*y + 74 = 64. Let g(z) = z**2 - 2*z - 6. What is g(y)?
9
Let i(v) = 2*v - 4*v**2 + 0*v**2 + 3*v**2 + v**2 - 4 + v**2. Give i(-4).
4
Let p(h) be the second derivative of h**5/20 + 19*h**4/12 - 23*h**3/6 - 12*h**2 + 89*h + 4. Determine p(-20).
36
Let o(d) = -d**3 - d**2. Let g be o(-1). Let b(m) = 3*m - 11*m + g*m**2 - m**2. Let t be ((-30)/50)/((-18)/105)*-2. Determine b(t).
7
Let f(i) = -3*i + 2. Let q(c) = 3*c - 2. Let u(h) = 6*f(h) + 7*q(h). What is u(-5)?
-17
Let q(m) = m - 26. Suppose -51*d - 95 = -56*d. Determine q(d).
-7
Suppose 3*z - 12 = 6*z. Let n(c) = c**2 + 5*c - 8. Let b(w) = 3*w**2 + 15*w - 22. Let j(v) = -6*b(v) + 17*n(v). What is j(z)?
0
Let r(w) = -w**2 + 10*w - 3. Let a(t) = -2 - 28*t**2 - t**3 - 15 - 3*t + 21*t**2. Let s be a(-7)